 - 3*y - 8 = -59, -2*v + 4*y = -46. List the prime factors of v.
19
Let h(n) = -n - n**3 - 5 - 23*n**2 + 28*n**2 + 3*n + 1. What are the prime factors of h(5)?
2, 3
Let l = -9 + 17. Let u = 3 + l. What are the prime factors of u?
11
Let t(g) = 10*g - 81. What are the prime factors of t(13)?
7
Let x = -147 - -310. List the prime factors of x.
163
Suppose -5*p - 18 = -3, 5*w - 5*p = 145. Suppose -2*j + 168 = 5*s + w, 80 = 3*s - 4*j. Suppose 0 = -0*v + 2*v - s. List the prime factors of v.
2, 7
Let x(k) be the third derivative of k**4/24 - k**3/3 - k**2. Let v be x(1). List the prime factors of 9 - (-1)/(v/2).
7
Let s(r) = r**3 - 9*r**2 + 5. Let w be s(9). Suppose 4*d = -w*a + 54, 2*a + 6*d - 20 = 4*d. List the prime factors of a.
2, 7
Let u be ((-1)/2)/(1/(-40)). Suppose h - u = -h. Let v = -3 + h. What are the prime factors of v?
7
List the prime factors of 32/6*(-9)/(-6).
2
Let i(t) = 3*t. Suppose -d + 0*d = -5*q + 6, -5*q = -4*d + 6. List the prime factors of i(q).
2, 3
Suppose -3*b + 0*b + 114 = 0. Let r = -4 + b. What are the prime factors of r?
2, 17
Suppose 7*p - 3*p = 60. What are the prime factors of p?
3, 5
Suppose 29 = -5*s - 61. Let d = 36 + s. List the prime factors of d.
2, 3
Let x(v) = v**3 - 11*v**2 - 12*v + 2. Let k be x(12). Suppose -43 = -k*s + 5. What are the prime factors of s?
2, 3
Let f = -1 + 6. Let d(c) = -c**2 + 1. Let q(y) = -y. Let b(i) = -d(i) + 4*q(i). List the prime factors of b(f).
2
Suppose -18 = 5*p + 12. Let b = 15 - p. Let d = -13 + b. List the prime factors of d.
2
Let j be 508/(-18) - 2/(-9). Let w = -14 - j. List the prime factors of w.
2, 7
Let a(p) = -10*p - 1. Suppose -m + 2 = 0, -3*b - 2*b - 3*m = -11. Let y be b*3*3/(-9). What are the prime factors of a(y)?
3
Let w(o) = -o**2 - 6*o - 4. Let r be w(-7). Let v = -7 - r. List the prime factors of v.
2
Suppose 15 = 3*u - 102. Let a = 50 + -28. Let o = u - a. List the prime factors of o.
17
Let g(t) = 7*t - 3. Let a be g(16). Let c = a + -74. What are the prime factors of c?
5, 7
Let i(p) = -p + 42. Let q be i(0). Suppose -26 = -4*s + q. List the prime factors of s.
17
Let k(n) = -12*n - 4. What are the prime factors of k(-5)?
2, 7
List the prime factors of ((-13)/(-2))/(3/((-18)/(-3))).
13
List the prime factors of (-4)/6 - 2219/(-21).
3, 5, 7
Let y = 1 - 10. What are the prime factors of 3*3/y*-8?
2
Let m be (-3)/1 - (-14)/2. Suppose m*k - 3 = i, 3*i = -5*k + 22 + 3. List the prime factors of ((-10)/(-6))/(k/6).
5
Let j(v) = -3*v - 4. List the prime factors of j(-6).
2, 7
Suppose 5*d - 21 = 2*d. What are the prime factors of d?
7
Suppose 14*q = 16*q - 6. Let v(z) = z**3 + 4*z**2 + 2*z. Let r be v(-3). Suppose -7 = -2*f - 5*j + 11, 0 = -r*f + q*j + 6. What are the prime factors of f?
2
Let i = -14 + 2. Let r be i*(-1 - -1 - 1). List the prime factors of (-9)/r*(-2 - 6).
2, 3
Suppose -32 = -5*x + 73. List the prime factors of x.
3, 7
Suppose 5*x - 3*w - 21 = -3, -w - 13 = -4*x. Suppose 3*d - 39 = -x. Suppose y + y = 5*f + d, 0 = -5*y - 4*f + 63. List the prime factors of y.
11
Let s(j) = j**3 - j + 3. Let n = 13 + -10. List the prime factors of s(n).
3
Let h be -2 + (-2)/(2/(-23)). Suppose -2*r = r - h. What are the prime factors of (-186)/(-14) - 2/r?
13
Suppose 2*i = -2*u + 30, 2*i - 105 = -2*i + 5*u. List the prime factors of i.
2, 5
Let v(g) = g - 5. Let q be v(8). Suppose -22 = q*j - 5*j. What are the prime factors of j?
11
Suppose 0*l = -3*l - 27. Let n = 16 + l. Let d(s) = s**2 - 6*s + 1. What are the prime factors of d(n)?
2
Let f be 1/(2/(-10)) - 1. Let m(u) = u**2 + 3*u + 3. Let t be m(f). Suppose -2*r + t = 1. What are the prime factors of r?
2, 5
Let o be (2/(-3))/(6/(-63)). Let k(f) = 1. Let g(v) = -v + 2. Let r(b) = -g(b) + 2*k(b). List the prime factors of r(o).
7
Let n(l) = 16*l + 2. Let p be n(-2). List the prime factors of 2/10 + (-624)/p.
3, 7
Let n(b) = b**2 - 3*b - 2. What are the prime factors of n(5)?
2
Let m = 16 + -29. Let y(c) = -c + 7. Let h be y(10). Let w = h - m. List the prime factors of w.
2, 5
List the prime factors of 0 - 1/(6/(-1500)).
2, 5
Let x(a) = 2*a + 1. Let s be x(1). Suppose -s = 2*g - 1. What are the prime factors of -2 - (-10 + 3/g)?
11
Let t be (2 - 2) + 2 + 10. Let k = 21 - t. What are the prime factors of k?
3
Suppose -81 = -2*m + 261. List the prime factors of m.
3, 19
Let l(w) = -w**3 - 3*w**2 + 2*w. Let k be l(-4). Let y = -4 + k. What are the prime factors of y?
2
Let r = -22 - -66. List the prime factors of r.
2, 11
Suppose -5*d - 2 = -3*t, -d - 4 = -2*t + 2. Let i(c) = c - 2. Let n be i(d). Suppose -y + 5*y - 24 = n. List the prime factors of y.
2, 3
Let w = -123 - -241. List the prime factors of w.
2, 59
Suppose 10 = -2*o + 4. What are the prime factors of 6*(o/6 - -1)?
3
Suppose -7 = 4*d + 1, -3*d = -2*j + 8. Suppose 4*a - 26 = -5*x, -2*a + j = -3*a. List the prime factors of x.
2, 3
Let d(o) = -2*o - 18. Let k be d(-10). Suppose -5*h + k*h = -2*w + 133, 5*h - 211 = -4*w. List the prime factors of w.
59
Suppose -b = b - 36. Suppose -2*t + b = t. List the prime factors of (-1 - -4)/(t/14).
7
Let f(o) = -o**2 + 2*o + 3*o + o. Let w be f(6). Suppose -4*v = -w*r + 4*r - 28, 5*r + v - 15 = 0. What are the prime factors of r?
2
Let f be (-6 + 3)/3*-9. Let y be 2 - (f/(-3) + 42). Let o = 55 + y. List the prime factors of o.
2, 3
Suppose -12*k + 10*k = -56. What are the prime factors of k?
2, 7
Let t(w) = 3*w**3 - 2*w - 1. Let v be t(2). Suppose 2*m - 45 - v = 0. List the prime factors of m.
2
Suppose -b + 10 - 6 = 0. Suppose -5*g - j - 35 = -150, -b*g = 3*j - 92. What are the prime factors of g?
23
Let m = -14 + 21. Suppose k + m = 36. List the prime factors of k.
29
Suppose 0 = 2*u + 5*i - 12, -i - 8 = 3*i. List the prime factors of u.
11
Let h(g) = -2*g - 4. Let x be h(-3). Let q be 21/6*(-4)/(-7). Suppose 6 = -2*s, q*b + x*s + 0*s - 32 = 0. What are the prime factors of b?
19
Suppose -p + 10 = p. Let h = p - -16. Suppose h = 5*c + 1. What are the prime factors of c?
2
Let d(l) = 16*l + 45. Let y(v) = 3*v + 9. Let u(i) = -2*d(i) + 11*y(i). What are the prime factors of u(7)?
2
Let g = 6 - -2. Let s = g + 4. List the prime factors of s.
2, 3
Suppose 2*z - 19 = -z - 2*w, -4*z + 4*w = 8. Let o = 3 - z. List the prime factors of (0 - (o + 1)) + 18.
17
Let r(f) be the first derivative of -f**2 + 11*f + 3. Let x be r(9). Let w = 13 + x. List the prime factors of w.
2, 3
Suppose 4*i - 3*i - 22 = 0. What are the prime factors of i?
2, 11
Suppose -4*i - 30 = -2*l, i - 3*l = 4*i + 9. Let f = i - -12. Let v = 10 - f. What are the prime factors of v?
2
List the prime factors of -26*(-1 + 10/(-4)).
7, 13
Suppose -2*h - 14 = 4*a, -4*h + 3*a + 2*a - 2 = 0. Let o = 27 + h. Suppose -4*x - 2*s = -7*x + 36, -o = -2*x + 2*s. List the prime factors of x.
2, 3
Let b(j) be the second derivative of 5*j**4/4 - j. Let s be b(2). Suppose 0 = d + 4*d - s. List the prime factors of d.
2, 3
Let w(h) = 14*h - 7*h + 0*h**2 + 5*h**2 + 4*h**2 - 3 + h**3. What are the prime factors of w(-8)?
5
Let a = 4 - 2. Let l(k) = k**3 - 3*k**2 + 4*k - 2. Let g be l(a). Suppose 5 = -g*o + 23. What are the prime factors of o?
3
Let v(q) = 8*q**2 + 3*q - 2. List the prime factors of v(2).
2, 3
Suppose 7*b + 346 = 1354. What are the prime factors of b?
2, 3
Suppose -s + 14 = -45. Let o = s - 32. What are the prime factors of o?
3
Let u(l) = l + 22. List the prime factors of u(9).
31
Suppose 4*g + 4 = d + 155, -170 = -5*g + 5*d. List the prime factors of g.
3, 13
Let i(m) = m**3 + 7*m**2 + m + 10. Let n be i(-7). Suppose 3*u - 11 = -z, 2*z - n*u + 13 = 62. What are the prime factors of z?
2, 5
Suppose -20 = 6*o - 8*o. List the prime factors of o.
2, 5
What are the prime factors of 182/6 - 1/3?
2, 3, 5
What are the prime factors of (2 + -1)/(6/114)?
19
Let j(v) = -v**2 + 13*v + 11. Let d = -23 - -35. List the prime factors of j(d).
23
Let l(x) = -x + 3*x**2 + 0*x**3 - 3*x + x**3 - 3. Suppose 1 = a + 3. List the prime factors of l(a).
3
Let n be ((-27)/(-3))/3*-6. Let k = -11 - n. What are the prime factors of k?
7
Suppose 4*t - 68 = -5*g, 5*g = 5*t - 2*t + 54. Let f be (6 - 2) + (-2)/2. Suppose -f = d - g. What are the prime factors of d?
3
Suppose 79 = 3*v - 11. Suppose 2*h - v = -2*h - 2*r, -25 = -5*h - 5*r. What are the prime factors of h?
2, 5
Let x